emainder when a is divided by q.
0
Suppose 2*c + 3 - 19 = 0. What is the remainder when (c + -7)*(72 + -1) is divided by 32 - (2 + (-24)/9)*6?
35
Let w = -19270 - -19414. What is the remainder when 5327 is divided by w?
143
Let g(v) = 8*v + 68. What is the remainder when 416 is divided by g(-7)?
8
Suppose 314*f - 289*f = 400. Calculate the remainder when 114 is divided by f.
2
Suppose -7*y = -5*y + 46. Let d(x) = x + 58. Calculate the remainder when d(y) is divided by 19.
16
Let g be -1 + 3 - (-4 + 2). Suppose 5 + g = 3*w. Suppose z = -a + 2 + 11, 0 = -w*z + 2*a + 54. Calculate the remainder when 77 is divided by z.
13
Calculate the remainder when (-789 - -1)*((-189)/6)/63 is divided by 381.
13
Suppose 2*j + 4*w = 28, w = -j + 2*w + 2. Let l be (20 - -5)*(-6)/(-1). Let a = -128 + l. What is the remainder when a is divided by j?
4
Let p(z) = 16*z**2 - 5*z - 4. Let t be p(-3). Suppose 200 - t = 3*a. What is the remainder when 22 is divided by a?
7
Suppose 12 - 4 = z. Let r = 99 - 96. Suppose 33 = -r*h + 39. What is the remainder when z is divided by h?
0
Let w = 524 + -520. Suppose 2*t + 4 = -2, -b - w*t + 7 = 0. What is the remainder when 132 is divided by b?
18
Suppose 7*h - 2050 = -5*v + 4*h, 0 = 3*v - 4*h - 1259. Calculate the remainder when v is divided by (1 - 4)/((-3)/32).
29
Let i be (4/(8/(-10)))/(8/(-8)). Suppose -994 = -i*x + 2*g, -2*x + 91 = 4*g - 321. What is the remainder when x is divided by 68?
64
What is the remainder when (-28)/(-28) - (-17)/(-19) - 2238/(-38) is divided by (86/4)/((-2)/(-4))?
16
Suppose 2*p + 16 - 279 = 5*x, -5*x = 2*p + 267. Let g = -62 - x. Calculate the remainder when 96 is divided by 6/(-18) + (-453)/g.
46
Let h(q) = q**3 + 10*q**2 + 20*q - 3. What is the remainder when h(-5) is divided by (-1 - (-10)/6)/((-12)/(-144))?
6
Let a = 4 - 9. Let y(w) = -2*w - 4. Let s be y(a). Let p(v) = v**3 - 7*v**2 + 6*v + 8. What is the remainder when 23 is divided by p(s)?
7
Calculate the remainder when 398 is divided by -12 + 19/((-171)/(-1341)).
124
Let j(u) = 2*u**3 - 40*u**2 + 11*u - 60. Calculate the remainder when 14077 is divided by j(20).
157
Let q = 195 + -204. Let w(d) = 2*d**3 + 18*d**2 - 22*d. What is the remainder when w(q) is divided by 25?
23
Let u be (2/4)/(4/40). Suppose -u*z + 11 - 34 = 3*t, 3*z = -t - 17. Let w(g) = 2*g**2 - 6*g + 1. What is the remainder when w(z) is divided by 36?
33
Let n = -58 + 78. Suppose -4*h - a + n = 0, 5*a + 12 = h - 14. Calculate the remainder when h/((-6)/(-13)) - (-2)/(-1) is divided by 5.
1
Suppose 21118 = -26*v + 87964. Calculate the remainder when v is divided by 69.
18
Suppose j - 2*h + 12 = 0, -4*j + 7*j - 3*h = -30. Let y be (60/16 + -3)*j. Calculate the remainder when (-64)/(-5 - 28/y) is divided by 13.
10
Suppose -5*q = 62 + 41 - 588. What is the remainder when q is divided by 21?
13
Let s = -30 + 31. Let t(v) = 23*v**2 - 5*v - 1. Let j(c) = -34*c**2 + 6*c + 2. Let i(w) = -5*j(w) - 7*t(w). What is the remainder when 24 is divided by i(s)?
2
Let f = -98 - 87. Let n = f + 209. Calculate the remainder when n is divided by 18.
6
Let n(c) = 5*c - 2. Let k be n(-4). Let d = -18 - k. Calculate the remainder when 49 is divided by 3/((-172)/(-40) - d).
9
Let t be ((-2)/3)/((-6)/1035). Suppose 9*o + t - 502 = 0. Suppose 35 = 3*q + 2*s, -14 + 63 = 5*q + s. Calculate the remainder when o is divided by q.
7
What is the remainder when 626 + 2 + 3/30*-5*0 is divided by 14?
12
Let y = 102 + -93. Suppose -2*h + 190 = -5*w - 209, 2*w - 5*h = -147. What is the remainder when 38 is divided by 128/y + -1 + 18/w?
12
Suppose -9165 - 5652 = 7*s - 40*s. What is the remainder when s is divided by 96?
65
Suppose z = 5*y + 91, y - 10 = -z + 87. Calculate the remainder when z is divided by 17.
11
Let m(z) = -z**3 + 19*z**2 + 151*z - 21. Let f be m(25). Suppose 152 = f*j - 5*u, 2*u + 207 = -2*j + 7*j. Calculate the remainder when 254 is divided by j.
39
Let g = 0 - -20. Let t be (159/2)/((-5)/(-30)). Suppose -49*p + 58*p = t. What is the remainder when p is divided by g?
13
Suppose 90 = 23*m - 20*m. Let y = 58 - m. Calculate the remainder when (20/(-15))/(6/(-621)) is divided by y.
26
Let p be 1 + (-11 - 2)/1. Let q(f) = 3*f - 17. Let h be q(p). Let w = h + 61. What is the remainder when 77 is divided by w?
5
Let s = 525 - 510. Suppose -100 + s = -17*p. What is the remainder when 67 is divided by p?
2
Let m(h) = h**3 + 12*h**2 + 17*h - 19. Let g be ((-388)/(-10))/((-1)/(-5)). Calculate the remainder when g/(-8)*(2 - 6) is divided by m(-10).
9
Let a(o) = o**3 + 24*o**2 - 87*o + 25. Calculate the remainder when a(-27) is divided by 68.
51
What is the remainder when 546 is divided by 16 - (50/(-5) - -9)?
2
Suppose 3*y - 10 = 131. Suppose -5*n = 2*b - 5856, 4*b + 3550 = 186*n - 183*n. What is the remainder when n is divided by y?
46
Let j = -149 - -192. Suppose 41*w = j*w - 100. Calculate the remainder when w is divided by 26.
24
Suppose 18*u - 7*u = 4939. Suppose -6*f = 6*f - 600. What is the remainder when u is divided by f?
49
Let f = -40 + -13. Let x = f - -56. Suppose -p - 2*p + 2*a + 118 = 0, -x*p = -3*a - 117. What is the remainder when p is divided by 16?
8
Let n = -8 - 25. Suppose -26*g + 30*g + 40 = 0. Let i = g - n. Calculate the remainder when i is divided by 11.
1
Suppose 5*h = 17*h + 12. What is the remainder when 50 is divided by -22 + 33 + 4*(-1)/h?
5
Let d(x) = 2*x**2 - 20*x + 82. Let z be (-3740)/(-264) - (-1)/(-6). Calculate the remainder when d(z) is divided by 65.
64
Let w = -83 + -696. Let v = -678 - w. What is the remainder when v is divided by 8?
5
What is the remainder when (-42009)/(-570) + (-9)/(-30) is divided by 16?
10
Suppose -5*c - 3 = -0*n + 3*n, n + 1 = -2*c. Let r be -3 + 1 - (-3 - (n - -59)). Let b = r - 27. What is the remainder when 62 is divided by b?
30
Suppose -2*p = 19 - 5. Let j(m) = -m**3 - 7*m**2 - m + 1. Suppose -2*r + 65 = 3*k, -3*k + 27 = -r - 35. Calculate the remainder when k is divided by j(p).
5
Let b = 975 + -808. What is the remainder when b is divided by 157?
10
Suppose -15*l - 67 = -37. Calculate the remainder when 44/12*(-1 - l)*21 is divided by 20.
17
Suppose -3*p - 45 = -2*p. Let c = -32 - p. Let d(b) = 2*b + 7. Calculate the remainder when c is divided by d(0).
6
Let j be 26*(0 + 2/4). Let h(v) = -v**3 + 12*v**2 + 14*v + 18. Calculate the remainder when 116 is divided by h(j).
23
Let v be (18/15)/(3/350). Suppose 5*p - 2*p + w + 112 = 0, -4*p - v = -w. Let i = p + 69. What is the remainder when i is divided by 12?
9
Suppose 4*l - 4 = -j, 0 = 5*j - l - 16 - 46. Let c(y) = -8*y**2 - 233*y - 210. Calculate the remainder when c(-28) is divided by j.
6
Suppose 91 = 2*r + 11*r. Let b = 348 - r. What is the remainder when b is divided by 8?
5
Let j(a) = -7*a**2 - 10*a + 30. Let x be j(-8). Let p = -306 - x. What is the remainder when p is divided by 7?
4
Suppose 0 = 210*v - 192*v - 432. What is the remainder when 283 is divided by v?
19
Let t(v) = -3*v**2 + 148*v - 513. Calculate the remainder when 1062 is divided by t(43).
150
Suppose -2*i - i + 5*p + 80 = 0, -i = -2*p - 28. Calculate the remainder when (4 - 1) + (38 - (-22)/(-2)) is divided by i.
10
Let i(w) = -11*w**2 - 7*w - 17. Let b be i(8). Let g = b - -1112. What is the remainder when g is divided by 48?
47
Let g(s) = -3*s + 3 + 8*s - s**3 + 4*s**2 - 4. Let u(l) = 598*l - 20855. Calculate the remainder when u(35) is divided by g(4).
18
Let o(r) be the second derivative of -5*r**3/3 - 64*r**2 - 4*r - 6. Calculate the remainder when o(-17) is divided by 25.
17
Let q(g) = g**2 + 21*g - 3410. Let b = 320 - 142. What is the remainder when b is divided by q(49)?
18
Let q = 39 - 36. Suppose -12 = -q*z, -z + 85 = -2*i - 65. Calculate the remainder when 74 is divided by i/(-4) + (-21)/(-28).
17
Let b(r) = -r**2 + 6*r + 2. Let s be b(6). What is the remainder when 26 is divided by 9 + 3 - 4 - s?
2
Let z(d) = -7*d + 2. Let c be z(-5). Suppose 42*s - 325 = c*s. What is the remainder when 454 is divided by s?
64
Let i(j) = 528*j**2 + 11*j + 15. Let y = -198 - -287. What is the remainder when i(-1) is divided by y?
87
Let o = -20 + 71. Suppose -o = 2*l - 769. Calculate the remainder when l is divided by 40.
39
Suppose -3*h - 144 + 32 = -4*z, 5*z = 8*h + 174. What is the remainder when 276 is divided 